[INFO] cloning repository https://github.com/aykevl/domo-rpi
[INFO] running `Command { std: "git" "-c" "credential.helper=" "-c" "credential.helper=/workspace/cargo-home/bin/git-credential-null" "clone" "--bare" "https://github.com/aykevl/domo-rpi" "/workspace/cache/git-repos/https%3A%2F%2Fgithub.com%2Faykevl%2Fdomo-rpi", kill_on_drop: false }`
[INFO] [stderr] Cloning into bare repository '/workspace/cache/git-repos/https%3A%2F%2Fgithub.com%2Faykevl%2Fdomo-rpi'...
[INFO] running `Command { std: "git" "rev-parse" "HEAD", kill_on_drop: false }`
[INFO] [stdout] bde4d987bff92010feb494fbbe7feb649bab57f8
[INFO] checking aykevl/domo-rpi against try#72f88fc4e9458f89516a0b8b0868f3718aec5b47 for pr-74989
[INFO] running `Command { std: "git" "clone" "/workspace/cache/git-repos/https%3A%2F%2Fgithub.com%2Faykevl%2Fdomo-rpi" "/workspace/builds/worker-1/source", kill_on_drop: false }`
[INFO] [stderr] Cloning into '/workspace/builds/worker-1/source'...
[INFO] [stderr] done.
[INFO] validating manifest of git repo https://github.com/aykevl/domo-rpi on toolchain 72f88fc4e9458f89516a0b8b0868f3718aec5b47
[INFO] running `Command { std: "/workspace/cargo-home/bin/cargo" "+72f88fc4e9458f89516a0b8b0868f3718aec5b47" "read-manifest" "--manifest-path" "Cargo.toml", kill_on_drop: false }`
[INFO] started tweaking git repo https://github.com/aykevl/domo-rpi
[INFO] finished tweaking git repo https://github.com/aykevl/domo-rpi
[INFO] tweaked toml for git repo https://github.com/aykevl/domo-rpi written to /workspace/builds/worker-1/source/Cargo.toml
[INFO] crate git repo https://github.com/aykevl/domo-rpi already has a lockfile, it will not be regenerated
[INFO] running `Command { std: "/workspace/cargo-home/bin/cargo" "+72f88fc4e9458f89516a0b8b0868f3718aec5b47" "fetch" "--locked" "--manifest-path" "Cargo.toml", kill_on_drop: false }`
[INFO] [stderr]  Downloading crates ...
[INFO] [stderr]   Downloaded dtoa v0.2.2
[INFO] [stderr]   Downloaded miow v0.1.3
[INFO] [stderr]   Downloaded env_logger v0.3.5
[INFO] [stderr]   Downloaded rustc-serialize v0.3.19
[INFO] [stderr]   Downloaded pnacl-build-helper v1.4.10
[INFO] [stderr]   Downloaded sha1 v0.2.0
[INFO] [stderr]   Downloaded idna v0.1.0
[INFO] [stderr]   Downloaded tempdir v0.3.5
[INFO] [stderr]   Downloaded regex-syntax v0.3.5
[INFO] [stderr]   Downloaded slab v0.1.3
[INFO] [stderr]   Downloaded bitflags v0.4.0
[INFO] [stderr]   Downloaded log v0.3.6
[INFO] [stderr]   Downloaded itoa v0.1.1
[INFO] [stderr]   Downloaded crc8 v0.1.1
[INFO] [stderr]   Downloaded num-integer v0.1.32
[INFO] [stderr]   Downloaded spidev v0.2.1
[INFO] [stderr]   Downloaded cfg-if v0.1.0
[INFO] [stderr]   Downloaded pkg-config v0.3.8
[INFO] [stderr]   Downloaded num-iter v0.1.32
[INFO] [stderr]   Downloaded serde_json v0.8.2
[INFO] [stderr]   Downloaded regex v0.1.77
[INFO] [stderr]   Downloaded lazy_static v0.2.1
[INFO] [stderr]   Downloaded num v0.1.36
[INFO] [stderr]   Downloaded unicode-bidi v0.2.3
[INFO] [stderr]   Downloaded libc v0.2.16
[INFO] [stderr]   Downloaded ws v0.5.3
[INFO] [stderr]   Downloaded unicode-normalization v0.1.2
[INFO] [stderr]   Downloaded unicode-xid v0.0.3
[INFO] [stderr]   Downloaded bytes v0.3.0
[INFO] [stderr]   Downloaded net2 v0.2.26
[INFO] [stderr]   Downloaded rand v0.3.14
[INFO] [stderr]   Downloaded matches v0.1.2
[INFO] [stderr]   Downloaded num-traits v0.1.36
[INFO] [stderr]   Downloaded httparse v1.1.2
[INFO] [stderr]   Downloaded mio v0.5.1
[INFO] [stderr]   Downloaded time v0.1.35
[INFO] [stderr]   Downloaded gcc v0.3.35
[INFO] [stderr]   Downloaded nix v0.5.1
[INFO] [stderr]   Downloaded quote v0.3.0
[INFO] [stderr]   Downloaded syntex_pos v0.44.0
[INFO] [stderr]   Downloaded serde_codegen_internals v0.10.0
[INFO] [stderr]   Downloaded ufloat8 v0.1.0
[INFO] [stderr]   Downloaded serde_codegen v0.8.12
[INFO] [stderr]   Downloaded syn v0.9.0
[INFO] [stderr]   Downloaded term v0.4.4
[INFO] [stderr]   Downloaded syntex v0.44.0
[INFO] [stderr]   Downloaded syntex_errors v0.44.0
[INFO] [stderr]   Downloaded serde v0.8.12
[INFO] [stderr]   Downloaded url v1.2.1
[INFO] [stderr]   Downloaded syntex_syntax v0.44.1
[INFO] running `Command { std: "docker" "create" "-v" "/var/lib/crater-agent-workspace/builds/worker-1/target:/opt/rustwide/target:rw,Z" "-v" "/var/lib/crater-agent-workspace/builds/worker-1/source:/opt/rustwide/workdir:ro,Z" "-v" "/var/lib/crater-agent-workspace/cargo-home:/opt/rustwide/cargo-home:ro,Z" "-v" "/var/lib/crater-agent-workspace/rustup-home:/opt/rustwide/rustup-home:ro,Z" "-e" "SOURCE_DIR=/opt/rustwide/workdir" "-e" "CARGO_TARGET_DIR=/opt/rustwide/target" "-e" "CARGO_HOME=/opt/rustwide/cargo-home" "-e" "RUSTUP_HOME=/opt/rustwide/rustup-home" "-w" "/opt/rustwide/workdir" "-m" "1610612736" "--user" "0:0" "--network" "none" "rustops/crates-build-env@sha256:d92eaeed33fa75130ca1ee6c8a01d1ffb62bac859dfdfb3450e3e5d1c0146529" "/opt/rustwide/cargo-home/bin/cargo" "+72f88fc4e9458f89516a0b8b0868f3718aec5b47" "metadata" "--no-deps" "--format-version=1", kill_on_drop: false }`
[INFO] [stdout] fce1ae8a380e61466e81243f315925b7d1a9ec2bca85e836d238553f67898505
[INFO] [stderr] WARNING: Your kernel does not support swap limit capabilities or the cgroup is not mounted. Memory limited without swap.
[INFO] running `Command { std: "docker" "start" "-a" "fce1ae8a380e61466e81243f315925b7d1a9ec2bca85e836d238553f67898505", kill_on_drop: false }`
[INFO] running `Command { std: "docker" "inspect" "fce1ae8a380e61466e81243f315925b7d1a9ec2bca85e836d238553f67898505", kill_on_drop: false }`
[INFO] running `Command { std: "docker" "rm" "-f" "fce1ae8a380e61466e81243f315925b7d1a9ec2bca85e836d238553f67898505", kill_on_drop: false }`
[INFO] [stdout] fce1ae8a380e61466e81243f315925b7d1a9ec2bca85e836d238553f67898505
[INFO] running `Command { std: "docker" "create" "-v" "/var/lib/crater-agent-workspace/builds/worker-1/target:/opt/rustwide/target:rw,Z" "-v" "/var/lib/crater-agent-workspace/builds/worker-1/source:/opt/rustwide/workdir:ro,Z" "-v" "/var/lib/crater-agent-workspace/cargo-home:/opt/rustwide/cargo-home:ro,Z" "-v" "/var/lib/crater-agent-workspace/rustup-home:/opt/rustwide/rustup-home:ro,Z" "-e" "SOURCE_DIR=/opt/rustwide/workdir" "-e" "CARGO_TARGET_DIR=/opt/rustwide/target" "-e" "CARGO_INCREMENTAL=0" "-e" "RUST_BACKTRACE=full" "-e" "RUSTFLAGS=--cap-lints=forbid" "-e" "CARGO_HOME=/opt/rustwide/cargo-home" "-e" "RUSTUP_HOME=/opt/rustwide/rustup-home" "-w" "/opt/rustwide/workdir" "-m" "1610612736" "--user" "0:0" "--network" "none" "rustops/crates-build-env@sha256:d92eaeed33fa75130ca1ee6c8a01d1ffb62bac859dfdfb3450e3e5d1c0146529" "/opt/rustwide/cargo-home/bin/cargo" "+72f88fc4e9458f89516a0b8b0868f3718aec5b47" "check" "--frozen" "--all" "--all-targets" "--message-format=json", kill_on_drop: false }`
[INFO] [stdout] ac1adab1949d28e2b44f01a61a5dbaaad76956878cb40955228c5c82e318dc5d
[INFO] [stderr] WARNING: Your kernel does not support swap limit capabilities or the cgroup is not mounted. Memory limited without swap.
[INFO] running `Command { std: "docker" "start" "-a" "ac1adab1949d28e2b44f01a61a5dbaaad76956878cb40955228c5c82e318dc5d", kill_on_drop: false }`
[INFO] [stderr]    Compiling winapi-build v0.1.1
[INFO] [stderr]     Checking libc v0.2.16
[INFO] [stderr]     Checking winapi v0.2.8
[INFO] [stderr]    Compiling rustc-serialize v0.3.19
[INFO] [stderr]    Compiling gcc v0.3.35
[INFO] [stderr]    Compiling log v0.3.6
[INFO] [stderr]     Checking num-traits v0.1.36
[INFO] [stderr]    Compiling quote v0.3.0
[INFO] [stderr]    Compiling bitflags v0.7.0
[INFO] [stderr]     Checking bitflags v0.4.0
[INFO] [stderr]     Checking matches v0.1.2
[INFO] [stderr]     Checking cfg-if v0.1.0
[INFO] [stderr]     Checking unicode-normalization v0.1.2
[INFO] [stderr]     Checking lazy_static v0.2.1
[INFO] [stderr]     Checking regex-syntax v0.3.5
[INFO] [stdout] error[E0642]: patterns aren't allowed in functions without bodies
[INFO] [stdout]    --> /opt/rustwide/cargo-home/registry/src/github.com-1ecc6299db9ec823/rustc-serialize-0.3.19/src/serialize.rs:147:45
[INFO] [stdout]     |
[INFO] [stdout] 147 | ...                   &f_name: &str,
[INFO] [stdout]     |                       ^^^^^^^ pattern not allowed in function without body
[INFO] [stdout] 
[INFO] [stdout] 
[INFO] [stderr]     Checking itoa v0.1.1
[INFO] [stderr]     Checking bitflags v0.3.3
[INFO] [stderr]     Checking httparse v1.1.2
[INFO] [stderr]     Checking dtoa v0.2.2
[INFO] [stderr]     Checking serde v0.8.12
[INFO] [stderr]     Checking crc8 v0.1.1
[INFO] [stderr]     Checking ufloat8 v0.1.0
[INFO] [stderr]    Compiling openssl-sys v0.7.17
[INFO] [stderr]     Checking unicode-bidi v0.2.3
[INFO] [stderr]    Compiling syn v0.9.0
[INFO] [stderr]    Compiling kernel32-sys v0.2.2
[INFO] [stderr]    Compiling ws2_32-sys v0.2.1
[INFO] [stderr]     Checking memchr v0.1.11
[INFO] [stderr]     Checking net2 v0.2.26
[INFO] [stderr]     Checking nix v0.5.1
[INFO] [stderr]     Checking rand v0.3.14
[INFO] [stderr]     Checking num-integer v0.1.32
[INFO] [stderr]     Checking aho-corasick v0.5.3
[INFO] [stderr]    Compiling term v0.4.4
[INFO] [stderr]     Checking thread-id v2.0.0
[INFO] [stderr]     Checking time v0.1.35
[INFO] [stderr]     Checking miow v0.1.3
[INFO] [stderr]    Compiling openssl-sys-extras v0.7.14
[INFO] [stderr]    Compiling openssl v0.7.14
[INFO] [stderr]     Checking num-iter v0.1.32
[INFO] [stderr]     Checking thread_local v0.2.7
[INFO] [stderr]     Checking num v0.1.36
[INFO] [stderr]     Checking idna v0.1.0
[INFO] [stderr]     Checking regex v0.1.77
[INFO] [stderr]     Checking chrono v0.2.25
[INFO] [stdout] error: aborting due to previous error
[INFO] [stdout] 
[INFO] [stdout] 
[INFO] [stdout] For more information about this error, try `rustc --explain E0642`.
[INFO] [stdout] 
[INFO] [stderr] error: could not compile `rustc-serialize`.
[INFO] [stderr] 
[INFO] [stderr] To learn more, run the command again with --verbose.
[INFO] [stderr] warning: build failed, waiting for other jobs to finish...
[INFO] [stderr] The following warnings were emitted during compilation:
[INFO] [stderr] 
[INFO] [stderr] warning: src/c_helpers.c: In function 'rust_SSL_clone':
[INFO] [stderr] warning: src/c_helpers.c:4:5: warning: implicit declaration of function 'CRYPTO_add' [-Wimplicit-function-declaration]
[INFO] [stderr] warning:     4 |     CRYPTO_add(&ssl->references, 1, CRYPTO_LOCK_SSL);
[INFO] [stderr] warning:       |     ^~~~~~~~~~
[INFO] [stderr] warning: src/c_helpers.c:4:20: error: dereferencing pointer to incomplete type 'SSL' {aka 'struct ssl_st'}
[INFO] [stderr] warning:     4 |     CRYPTO_add(&ssl->references, 1, CRYPTO_LOCK_SSL);
[INFO] [stderr] warning:       |                    ^~
[INFO] [stderr] warning: src/c_helpers.c:4:37: error: 'CRYPTO_LOCK_SSL' undeclared (first use in this function); did you mean 'CRYPTO_LOCK'?
[INFO] [stderr] warning:     4 |     CRYPTO_add(&ssl->references, 1, CRYPTO_LOCK_SSL);
[INFO] [stderr] warning:       |                                     ^~~~~~~~~~~~~~~
[INFO] [stderr] warning:       |                                     CRYPTO_LOCK
[INFO] [stderr] warning: src/c_helpers.c:4:37: note: each undeclared identifier is reported only once for each function it appears in
[INFO] [stderr] warning: src/c_helpers.c: In function 'rust_SSL_CTX_clone':
[INFO] [stderr] warning: src/c_helpers.c:8:20: error: dereferencing pointer to incomplete type 'SSL_CTX' {aka 'struct ssl_ctx_st'}
[INFO] [stderr] warning:     8 |     CRYPTO_add(&ctx->references,1,CRYPTO_LOCK_SSL_CTX);
[INFO] [stderr] warning:       |                    ^~
[INFO] [stderr] warning: src/c_helpers.c:8:35: error: 'CRYPTO_LOCK_SSL_CTX' undeclared (first use in this function); did you mean 'CRYPTO_EX_INDEX_SSL_CTX'?
[INFO] [stderr] warning:     8 |     CRYPTO_add(&ctx->references,1,CRYPTO_LOCK_SSL_CTX);
[INFO] [stderr] warning:       |                                   ^~~~~~~~~~~~~~~~~~~
[INFO] [stderr] warning:       |                                   CRYPTO_EX_INDEX_SSL_CTX
[INFO] [stderr] warning: src/c_helpers.c: In function 'rust_X509_clone':
[INFO] [stderr] warning: src/c_helpers.c:12:21: error: dereferencing pointer to incomplete type 'X509' {aka 'struct x509_st'}
[INFO] [stderr] warning:    12 |     CRYPTO_add(&x509->references,1,CRYPTO_LOCK_X509);
[INFO] [stderr] warning:       |                     ^~
[INFO] [stderr] warning: src/c_helpers.c:12:36: error: 'CRYPTO_LOCK_X509' undeclared (first use in this function); did you mean 'CRYPTO_LOCK'?
[INFO] [stderr] warning:    12 |     CRYPTO_add(&x509->references,1,CRYPTO_LOCK_X509);
[INFO] [stderr] warning:       |                                    ^~~~~~~~~~~~~~~~
[INFO] [stderr] warning:       |                                    CRYPTO_LOCK
[INFO] [stderr] 
[INFO] [stderr] The following warnings were emitted during compilation:
[INFO] [stderr] 
[INFO] [stderr] warning: src/openssl_shim.c: In function 'DH_new_from_params':
[INFO] [stderr] warning: src/openssl_shim.c:132:7: error: dereferencing pointer to incomplete type 'DH' {aka 'struct dh_st'}
[INFO] [stderr] warning:   132 |     dh->p = p;
[INFO] [stderr] warning:       |       ^~
[INFO] [stderr] warning: src/openssl_shim.c: In function 'X509_get_extensions_shim':
[INFO] [stderr] warning: src/openssl_shim.c:143:13: error: dereferencing pointer to incomplete type 'X509' {aka 'struct x509_st'}
[INFO] [stderr] warning:   143 |     return x->cert_info ? x->cert_info->extensions : NULL;
[INFO] [stderr] warning:       |             ^~
[INFO] [stderr] 
[INFO] [stderr] error: build failed
[INFO] running `Command { std: "docker" "inspect" "ac1adab1949d28e2b44f01a61a5dbaaad76956878cb40955228c5c82e318dc5d", kill_on_drop: false }`
[INFO] running `Command { std: "docker" "rm" "-f" "ac1adab1949d28e2b44f01a61a5dbaaad76956878cb40955228c5c82e318dc5d", kill_on_drop: false }`
[INFO] [stdout] ac1adab1949d28e2b44f01a61a5dbaaad76956878cb40955228c5c82e318dc5d
